the prime factors of x?
19
Let n = -1 - -3. Suppose n = -2*r + 3*d - 3, 2*d - 12 = -3*r. What are the prime factors of r?
2
Suppose -u = -1, -5*o + 3*u = -2*o - 744. What are the prime factors of o?
3, 83
Suppose 3*o = -4*s + 5*o - 2, -16 = 2*s + 4*o. List the prime factors of 4 + s + (0 - -2).
2
Suppose 3*u - 3 = -o - 1, -2*o + 5*u + 4 = 0. Let a be (o/(-3))/((-2)/24). Let h = 12 - a. List the prime factors of h.
2
Let a = -29 - -59. List the prime factors of a.
2, 3, 5
Suppose 3*v + v - 8 = 0. Suppose -51 = -3*m - v*m + 4*r, 2*r = -m - 1. List the prime factors of m.
7
What are the prime factors of (-1692)/(-14) + (-19)/(-133)?
11
Suppose 0 = -o + 28 - 8. What are the prime factors of o?
2, 5
Let l(y) = 211*y**2 - 209*y**2 + y - 2*y**3 + 0*y**3. Suppose 0 = 2*v + 2. What are the prime factors of l(v)?
3
Let k(w) be the first derivative of -2*w**2 - 2*w - 1. Let y be -6 + 2/(-4)*0. List the prime factors of k(y).
2, 11
Suppose -20 = -6*p + 40. List the prime factors of p.
2, 5
Suppose 4*w - 8 = -0*w. Suppose 2*n - 21 = v, -3*n + 30 = v - w*v. What are the prime factors of n?
3
Let h = 0 - 2. What are the prime factors of 19 - 2 - (-2)/h?
2
Let h(w) = 6*w - 2. Let n be h(-2). Let l = -5 - n. What are the prime factors of l?
3
Let k(y) = -2*y - 4*y + 5*y. Let j be k(-4). Suppose u = -d + 10, -j*d = -2*u - 0*d - 4. List the prime factors of u.
2, 3
Let f be 2 + -5 - (0 + 2). Let d(s) be the first derivative of s**4/4 + 4*s**3/3 - 7*s**2/2 + 1. What are the prime factors of d(f)?
2, 5
Let c be ((-4)/2)/((-2)/(-6)). List the prime factors of 9*2/c*-3.
3
Let h = -37 - -19. What are the prime factors of -3*3/(h/8)?
2
Let t = 67 - -47. What are the prime factors of t?
2, 3, 19
Let h = 5 + -2. What are the prime factors of h?
3
Let k be -2 + 2 + 1 - -9. Suppose -4*l + k = -14. What are the prime factors of (-2)/3 + 40/l?
2, 3
Suppose a = -3 - 3. Let i = 8 - a. What are the prime factors of i?
2, 7
Suppose -6*c + 3*c = 15. List the prime factors of c/(-2)*378/35.
3
Suppose -8*a + 3*a = -5*l + 5, 3*a = l + 5. Let k = -2 + 26. Suppose k = l*v - 20. List the prime factors of v.
11
Let s(v) = -v**3 + 7*v**2 + 12*v - 12. Let d be s(8). Let g be 1/(-1) + (d - 8). List the prime factors of 0 - (0 - g)/1.
11
Suppose 4*s - 156 = -4*w, 2*s - 5*w + w - 60 = 0. Let n = s - 22. List the prime factors of n.
2, 7
Let g(s) = -2*s**3 + 6*s**2 + 5*s - 2. Let a(x) = -5*x**3 + 17*x**2 + 14*x - 5. Let d(i) = -3*a(i) + 8*g(i). Let n = -20 - -17. List the prime factors of d(n).
5
Let c(p) = -p**3 + p**2 + 8. Suppose 5*a - 28 = 2. Let z(g) = -g**2 + 5*g + 6. Let b be z(a). What are the prime factors of c(b)?
2
Let s(o) = -2*o**3 + 2*o**2 - 2*o - 3. What are the prime factors of s(-2)?
5
Suppose -2*d + d = -8. Let b = d + -5. List the prime factors of b.
3
List the prime factors of ((-10)/(-15))/((-4)/(-42)).
7
Let c(u) = -u**3 + 4*u**2 + 4. Suppose -2*i + 4 = -4. List the prime factors of c(i).
2
Suppose f + 3*y + 10 = 1, 5*f + 4*y = -1. Suppose -f*z + 2*z = -2, 78 = 4*u + z. What are the prime factors of u?
19
Let k = 1 - 1. Suppose k = 2*u - 1 - 3. Suppose 11 = -x + u*x. List the prime factors of x.
11
Suppose 2*i - 134 = 3*z, 0*z - 2*z + 134 = 2*i. List the prime factors of i.
67
What are the prime factors of (-5)/10 + (-2595)/(-6)?
2, 3
Let g be 26/(-4) + 1/2. Let m be ((-4)/(-6))/(4/g). What are the prime factors of -5 - -3 - 11*m?
3
Suppose 255 = 5*v - 5*q - 135, 398 = 5*v - q. What are the prime factors of v?
2, 5
Let i be 6/((-3)/(-2 + -1)). Suppose -24 = -i*q + 3*q. List the prime factors of q.
2
Suppose u + 5 = 1. What are the prime factors of (-2)/(u/(-2))*-13?
13
Let p(f) = 6 - 5*f + 6 - 5. Let g(t) = -24*t + 34. Let d(k) = -3*g(k) + 14*p(k). What are the prime factors of d(6)?
2
Suppose -7 = -5*k + 23. Suppose 0 = -3*m + k*m + 3*w - 111, 0 = -3*m + 5*w + 79. List the prime factors of m*(16/(-6) + 3).
11
Let d(i) = -i + 7. Let b be (-8)/1 + 4 + -2. List the prime factors of d(b).
13
Let v(u) = -u**3 + 9*u**2 - 7*u - 6. Let x be v(8). Suppose 4*w = -2*q + 46, x*q = 2*w + 19 + 39. Let b = q - 16. List the prime factors of b.
11
Suppose -115 = -4*h + 5*w, -4*h - w = -55 - 42. Let c = -16 + h. What are the prime factors of c?
3
Let a(k) = k**2 - 12*k + 10. Let g(o) = -o + 1. Let f(y) = -a(y) + 2*g(y). Let d be f(9). List the prime factors of ((-3)/5)/(d/(-15)).
3
Let w(t) = -t**3 - 3*t**2 + 7*t. Suppose p = 3*n + 3*p + 9, 2*n - 2*p = -16. What are the prime factors of w(n)?
3, 5
Suppose 0 = 2*t - o + 12, -3*t - 2*o + 4 = -2*t. Let h(u) = u**3 + 5*u**2 + 2*u + 1. Let i be h(t). Suppose -i = -0*r - 3*r. List the prime factors of r.
3
Let s(b) = 27*b. Let q(w) = 7*w. Let t(c) = -15*q(c) + 4*s(c). What are the prime factors of t(4)?
2, 3
Suppose 2*m + 0 = 8, 0 = -4*c - 5*m. Let p be 1*2*(-5)/c. Suppose -22 = -4*i - p. List the prime factors of i.
5
Suppose 4*l - 137 = -3*r, 149 = 5*l - 2*r - 5. List the prime factors of l.
2
Let n = 83 - -31. List the prime factors of n.
2, 3, 19
Let a(b) = -b + 5 + 6*b - b**2 + 2*b + 1. Let n be a(8). What are the prime factors of (-6)/4*n*3?
3
Suppose -2 = -c - 0. Suppose -c*u = 3*u. Suppose -2*f - f - 4*r + 15 = u, 5*f - r - 25 = 0. What are the prime factors of f?
5
Suppose 3*p + 38 - 127 = -5*z, -3*z - 4*p = -60. List the prime factors of z.
2
Suppose 4*v + v = 10. Suppose 0 = v*i - 0*i. Suppose -3*x + 22 + 11 = i. What are the prime factors of x?
11
Let k be 10/(-3)*27/(-15). Suppose -b = -k*b + l + 188, 4*b = 5*l + 163. List the prime factors of b.
37
Let s(u) = 28*u - 20. List the prime factors of s(3).
2
Suppose -5*d + 14 = -511. List the prime factors of d.
3, 5, 7
Let d(w) = w**2 + 2*w + 1. Let x be d(-3). Suppose -2*l - z = -31, 0 = -x*l - 0*l + 2*z + 58. List the prime factors of l.
3, 5
Let o = 40 - -5. List the prime factors of o.
3, 5
Let z be 2 + (-1*108)/(-1). Suppose 5*n - z = -2*v, 3 = n - 2*v - 7. What are the prime factors of n?
2, 5
Let h = 812 + -477. List the prime factors of h.
5, 67
Let o = 1 - -3. Suppose -2*u - o*n = -6, -2*n = -u - 2 + 17. What are the prime factors of (1 + -3)*(5 - u)?
2
Suppose 6*v + 3*b - 42 = 4*v, -79 = -5*v - b. What are the prime factors of v?
3, 5
Let z(v) = -v**2 + 7*v + 5. Let n be z(7). Suppose -n = -3*s - 2*s. Let i = 2 + s. What are the prime factors of i?
3
Let b be 1/1 + (1 - 1). Let a be (-1 - 1) + -30*b. List the prime factors of 2/6 - a/12.
3
Let q be ((-267)/(-3))/((-7)/(-14)). List the prime factors of q/8 + 1/(-4).
2, 11
Let i be (-46)/6*(-1 - -4). Let g = i + 32. What are the prime factors of g?
3
Suppose 3*l = -2*b + 30, 0*l - l - 2*b + 10 = 0. Let y = 0 - 5. Let a = y + l. List the prime factors of a.
5
Let f = -44 - -195. What are the prime factors of f?
151
Let g(v) = -v**2 - 9*v + 7. Let o = 16 + -24. List the prime factors of g(o).
3, 5
Suppose -11 = -2*a - p, -4*a = 3*p - 27 - 0. Let f be (-2)/3 + 10/6. Suppose 3*o - 55 = -5*m, -m - a*o = -22 - f. What are the prime factors of m?
2
Suppose n = 6*n - k - 94, -3*k - 54 = -3*n. Suppose 5*i - 6 - n = -5*y, -5*i - 3*y = -19. Suppose 4 + i = b. What are the prime factors of b?
2, 3
Let z(p) be the third derivative of -p**6/60 - p**4/12 - p**3/2 - 2*p**2. Let n be z(-2). Let a = n - 10. What are the prime factors of a?
7
Let g be -3*1/3*56. What are the prime factors of 8/g - (-688)/14?
7
Suppose -7 = -3*n - 1. Suppose -n*i = -7 + 1. What are the prime factors of i?
3
Let x be 7/(-2)*12/(-3). Suppose 3*l + 4 = z - 5*z, -l - x = -5*z. List the prime factors of (z/(-4))/((-6)/24).
2
Suppose -3*f + 66 + 33 = 0. List the prime factors of f.
3, 11
Suppose 0 = 4*q - s - 158, 0 = -4*q - 5*s + 8*s + 154. List the prime factors of q.
2, 5
Let t be (-10)/5 - 4/(-2). Suppose 4*k - 3*g = 2 - t, -k + 4*g - 6 = 0. List the prime factors of k.
2
Let l(q) = -q**2 + 11*q + 5. Let y be l(11). Suppose 0*b + y*b = 105. List the prime factors of b.
3, 7
Let j be -2 + 0/((-3)/(-1)). Let g = j + 13. List the prime factors of g.
11
Let s(x) = -x**3 - 9*x**2 - 11*x + 5. List the prime factors of s(-8).
29
Let a(j) = -120*j + 110. Let c(k) = -11*k + 10. Let h(s) = 4*a(s) - 45*c(s). List the prime factors of h(4).
2, 5
Suppose 0*r - 16 = -4*r. Suppose 5*u - r*o - 11 = 0, 2*u + 0*u - 5*o - 1 = 0. List the prime factors of u.
3
Suppose 0 = 5*l -